 489?
True
Does 98 divide 25295636?
False
Is 10836105 a multiple of 35?
True
Is 214856042 a multiple of 311?
False
Does 6 divide 190350240?
True
Is 3621297568 a multiple of 3808?
True
Is 9 a factor of 41024673?
True
Does 185 divide 400396182?
False
Is 106903062 a multiple of 89?
True
Is 13960167 a multiple of 91?
False
Is 46600575 a multiple of 1295?
True
Is 252042318 a multiple of 22?
True
Is 115 a factor of 1683960434?
False
Is 193128891 a multiple of 318?
False
Is 311 a factor of 79035952?
False
Does 6329 divide 765891277?
True
Does 193 divide 1517577977?
False
Is 1388 a factor of 534772804?
True
Is 1202208109 a multiple of 2908?
False
Does 11 divide 35335720?
False
Is 734 a factor of 2441284?
True
Does 20 divide 1673509121?
False
Is 168849819 a multiple of 27?
True
Is 120400400 a multiple of 529?
True
Is 43842810 a multiple of 7?
False
Is 3 a factor of 67734552?
True
Does 31 divide 17787043?
False
Is 210346609 a multiple of 41?
False
Does 4133 divide 37135005?
True
Is 199409000 a multiple of 25?
True
Does 396 divide 13475880?
True
Is 1347 a factor of 772971909?
True
Is 11653561 a multiple of 577?
False
Does 189 divide 83299860?
True
Is 79 a factor of 395080846?
False
Is 267 a factor of 36361929?
True
Does 16 divide 1723068647?
False
Is 844794954 a multiple of 54?
True
Does 368 divide 1091332877?
False
Does 23 divide 11300893?
False
Does 595 divide 480666763?
False
Does 12 divide 2407876582?
False
Is 1107 a factor of 2975123615?
False
Is 21 a factor of 17692097?
False
Is 38 a factor of 51422512?
True
Does 696 divide 602152748?
False
Is 1263 a factor of 1560798511?
False
Does 140 divide 91385560?
True
Does 586 divide 113472454?
True
Is 6819 a factor of 3522831780?
True
Is 5 a factor of 693368350?
True
Is 45128097 a multiple of 399?
True
Does 12 divide 41442552?
True
Is 461270600 a multiple of 40?
True
Is 1245 a factor of 155105835?
True
Does 2 divide 14526103?
False
Is 581 a factor of 138017712?
True
Is 8095100 a multiple of 4?
True
Is 26443986 a multiple of 47?
True
Is 612 a factor of 1980372899?
False
Is 92518704 a multiple of 1602?
True
Is 219258465 a multiple of 3537?
False
Does 18 divide 882480?
False
Does 218 divide 90885072?
True
Is 31 a factor of 15840217?
False
Does 298 divide 279086834?
True
Is 290 a factor of 142171920?
True
Is 1832235254 a multiple of 939?
False
Does 410 divide 13143612?
False
Is 26 a factor of 3869134301?
False
Does 172 divide 3195598664?
True
Does 9 divide 1248283829?
False
Is 44820903 a multiple of 117?
False
Does 19 divide 949396?
False
Is 186576064 a multiple of 1496?
False
Is 28 a factor of 3300284629?
False
Is 2071 a factor of 233565103?
False
Is 36443128 a multiple of 136?
False
Does 11 divide 590964?
True
Is 269 a factor of 100717225?
False
Is 72 a factor of 565030704?
False
Is 1363647469 a multiple of 470?
False
Does 2158 divide 121663724?
True
Does 20 divide 1699779420?
True
Is 3591380701 a multiple of 2697?
False
Is 8 a factor of 819093952?
True
Is 1031093238 a multiple of 108?
False
Is 467860782 a multiple of 1831?
True
Is 2271 a factor of 61739302?
False
Is 7792 a factor of 796732000?
True
Is 927 a factor of 1220405738?
False
Is 2 a factor of 157902?
True
Does 20 divide 188544155?
False
Is 12982664 a multiple of 102?
False
Is 2500662975 a multiple of 1525?
True
Does 2352 divide 179493242?
False
Is 474846 a multiple of 6?
True
Does 2283 divide 208231420?
False
Is 1722 a factor of 230655900?
False
Does 290 divide 7123270?
True
Does 25 divide 54224877?
False
Is 78307456 a multiple of 38?
False
Is 308 a factor of 446020344?
True
Is 2389 a factor of 59103273?
False
Does 78 divide 33097827?
False
Is 735 a factor of 341203579?
False
Does 41 divide 72950931?
True
Is 155683741 a multiple of 20?
False
Does 117 divide 124520175?
True
Is 25 a factor of 1246340?
False
Is 1004567004 a multiple of 36?
True
Is 40 a factor of 1505658263?
False
Is 93624095 a multiple of 2791?
True
Is 8140506 a multiple of 66?
True
Is 2908375316 a multiple of 77?
True
Is 57150635 a multiple of 138?
False
Is 399 a factor of 1279401081?
True
Is 162 a factor of 91879920?
True
Does 80 divide 146879809?
False
Does 98 divide 25433548?
True
Is 2422 a factor of 436177016?
False
Is 80290465 a multiple of 872?
False
Is 2 a factor of 10190869?
False
Does 988 divide 553751019?
False
Is 984656300 a multiple of 374?
False
Is 200 a factor of 4615200?
True
Is 111342608 a multiple of 208?
True
Does 2127 divide 124413386?
False
Does 3923 divide 356337859?
True
Is 1015383348 a multiple of 12?
True
Is 93345525 a multiple of 7275?
True
Is 1841420364 a multiple of 1572?
True
Is 14025042 a multiple of 3?
True
Is 28630978 a multiple of 13?
False
Is 258 a factor of 130245108?
True
Is 159247358 a multiple of 26?
False
Is 44369228 a multiple of 668?
True
Does 624 divide 372545472?
True
Is 652743574 a multiple of 1427?
False
Is 1514531297 a multiple of 125?
False
Does 204 divide 364812180?
True
Is 106353644 a multiple of 251?
False
Is 555081699 a multiple of 729?
False
Is 14051908 a multiple of 468?
False
Is 201 a factor of 69955977?
False
Is 91 a factor of 2873871?
True
Is 2550048 a multiple of 12?
True
Does 243 divide 28226863?
False
Does 1067 divide 455883219?
True
Does 9239 divide 5353774870?
False
Is 23 a factor of 2017827?
False
Is 35 a factor of 5142461520?
True
Does 11 divide 68495614?
True
Is 35035776 a multiple of 68?
True
Is 701 a factor of 2125612858?
True
Is 4086 a factor of 150961356?
True
Is 540762040 a multiple of 104?
True
Does 23 divide 506259693?
True
Is 594 a factor of 734750676?
True
Is 1973 a factor of 54175127?
False
Does 22 divide 558003776?
True
Does 298 divide 26325163?
False
Is 1054326 a multiple of 48?
False
Is 372576149 a multiple of 165?
False
Is 18888161 a multiple of 155?
False
Is 2343519 a multiple of 22?
False
Does 266 divide 101080?
True
Does 175 divide 3272221720?
False
Is 92644176 a multiple of 83?
False
Is 166201518 a multiple of 29?
False
Is 5738245 even?
False
Does 234 divide 198326232?
True
Is 12 a factor of 1176827783?
False
Does 20 divide 795359140?
True
Is 10838283 a multiple of 49?
False
Is 487858229 a multiple of 13?
False
Is 563718892 a multiple of 22?
True
Is 72 a factor of 7490480?
False
Does 253 divide 177499559?
False
Is 7 a factor of 72842140?
True
Is 594961780 a multiple of 97?
False
Is 867 a factor of 6825395?
False
Is 35 a factor of 1357584374?
False
Is 466171320 a multiple of 89?
True
Is 17 a factor of 635279646?
False
Does 23 divide 11403078?
True
Is 813011216 a multiple of 152?
True
Is 1598 a factor of 82266638?
True
Is 29 a factor of 197758716?
False
Does 16 divide 252969104?
True
Is 118996848 a multiple of 2139?
True
Is 930565842 a multiple of 7?
False
Does 125 divide 7716625?
True
Is 3 a factor of 14079860?
False
Does 57 divide 23089158?
False
Is 573351044 a multiple of 34?
True
Is 132 a factor of 445004221?
False
Is 117 a factor of 1283521356?
True
Is 97754125 a multiple of 175?
True
Does 4684 divide 3314899794?
False
Does 762 divide 369895374?
True
Does 391 divide 85156281?
True
Does 7 divide 1591901358?
False
Does 1693 divide 587585355?
False
Is 1734207127 a multiple of 18?
False
Is 1832033650 a multiple of 25?
True
Is 3866 a factor of 1269375038?
False
Does 2117 divide 266538768?
True
Does 692 divide 89935157?
False
Is 308127167 a multiple of 274?
False
Is 1243 a factor of 5828047?
False
Is 6212 a factor of 672604300?
True
Does 13 divide 1760135?
True
Does 1228 divide 150140250?
False
Does 643 divide 7893468?
True
Is 24 a factor of 184320516?
False
Is 195674584 a multiple of 551?
False
Is 16 a factor of 246416304?
True
Is 120 a factor of 288395640?
True
Is 22 a factor of 280394972?
True
Is 344 a factor of 745474488?
True
Does 10 divide 44206569?
False
Is 42 a factor of 463158573?
False
Is 158247518 a multiple of 1676?
False
Is 56 a factor of 637374870?
False
Is 25 a factor of 86063651?
False
Is 34909410 a multiple of 114?
False
Is 917190157 a multiple of 13?
True
Is 1443525 a multiple of 25?
True
Does 69 divide 286578873?
True
Is 10 a factor of 541891155?
False
Is 142837 a multiple of 3?
False
Is 59 a factor of 1321727204?
True
Is 2736284365 a multiple of 12?
False
Does 28 divide 54666010?
False
Is 178 a factor of 14076952?
True
Is 89320 a multiple of 28?
True
Does 12 divide 45740124?
True
Is 